ppose 0*r = r + 4*a, -a = -o*r + 21. Suppose r = -h - 2. Give j(h).
2
Suppose -r + 4*u = -0*u - 22, -4*r + 13 = -u. Let s(x) = 4 - r*x + x - 4. Calculate s(-4).
4
Suppose -42 = 4*r - 54. Let p(y) = -8 + 7*y**2 + y**r + 4*y - 3*y + 0*y**3 - 3*y. Determine p(-7).
6
Let g(j) be the second derivative of -j**5/20 + j**4/12 - j**3/6 - j**2 - 67*j - 1. What is g(2)?
-8
Let n(a) = 2*a**3 - 4*a**2 + 9*a - 14. Let x(l) = 3*l**2 - 34*l + 13. Let p be x(11). What is n(p)?
4
Let f(n) be the second derivative of n**6/360 + n**5/40 - n**4/6 + 10*n**3/3 - 25*n. Let w(v) be the second derivative of f(v). Determine w(-4).
0
Let a(d) = 15*d - 270 - 5*d - 8*d - 3*d + 274. Suppose -2*q + 14 - 4 = 0. What is a(q)?
-1
Let g(y) = 6*y + 5. Let l(o) = -4*o + 35. Let k be l(10). Determine g(k).
-25
Suppose 0 = -2*f + 6*f - 40. Let x be 15/2*8/f. Let w(c) = 7*c**2 - c**3 + 10022 - 10025 - 5*c + 0*c**2. Give w(x).
3
Let s(l) be the second derivative of -l**7/252 - l**5/120 - l**4 - 18*l. Let h(r) be the third derivative of s(r). Determine h(1).
-11
Let j(r) = r + 0 - 8 - 2*r. Let d(f) = -609*f + 4866. Let z be d(8). Give j(z).
-2
Let u(m) = m - 13. Suppose -2*k - 25 = -5*j + k, 3*j - 2*k = 15. Let o be u(j). Let s(y) = -y + 2*y**2 - 3 - y**2 + 8*y. Calculate s(o).
5
Let x(y) = -y**3 - y - y**2 + 0*y**2 - 5 + 2*y**3. Suppose 5*m + 10 = 5*r, -3*m = -65*r + 64*r + 6. Give x(r).
-5
Let h(q) = -5*q. Let p(x) = 24*x + 16. Let n(y) = 5*h(y) + p(y). Give n(7).
9
Let h(z) be the third derivative of z**6/120 + z**5/20 - z**4/3 - 2*z**3/3 - z**2. Let p be 3/(-6) + 45/(-10) + 0. Give h(p).
-14
Suppose 9*y - 24 = 7*y. Let s(p) = 10 - 7*p - p**2 + y*p - p - 3*p. Give s(0).
10
Let r be 3 - (-145)/(-45) - (-2)/9. Let u(l) be the third derivative of -l**4/24 - 7*l**3/6 - 10*l**2 + 2. Give u(r).
-7
Let b(n) be the third derivative of n**4/12 - 3*n**3/2 - 42*n**2. Calculate b(6).
3
Let h(k) = -2*k**2 + 3. Let a(g) be the second derivative of -g**4/12 - g**2/2 + 7*g. Let q(b) = 4*a(b) + h(b). Calculate q(1).
-7
Let c(t) be the second derivative of -3/2*t**2 + 0 - 29*t + 5/6*t**3. Calculate c(2).
7
Let f(w) = w**2 - 9*w - 6. Let g(z) = -z**2 + 7*z + 5. Let x(v) = 3*f(v) + 4*g(v). What is x(6)?
-28
Suppose -5*h + h = 8. Let o(m) be the third derivative of m**6/40 + m**5/30 - m**4/24 + m**3/3 - 131*m**2 + 2*m. What is o(h)?
-12
Let n(j) = -2*j**2 + 8*j - 5. Suppose 10*i - 15*i + 45 = 0. Let h(s) = s - 6. Let g be h(i). Suppose -2*z - 5 = -g*z. Give n(z).
-15
Suppose 0 = -3*m + 2 + 1. Let o(w) = -12 + m + 6 + w. Determine o(0).
-5
Let q = 4 - 1. Let j(d) be the first derivative of d**4/4 - 5*d**3/3 + d**2/2 - 991. Determine j(q).
-15
Let w(v) = -5*v**3 + 15*v**2 + 25*v - 4. Let m(o) = o**3 - 2*o. Let n(b) = -4*m(b) - w(b). What is n(16)?
-12
Let r(o) = -17*o - 37. Let s(p) = -4*p - 9. Let v(c) = -2*r(c) + 9*s(c). Let l be v(-4). Let y(m) = -m**3 - m + 1. Give y(l).
-1
Let q(x) = 19*x**2 + 16*x - 6. Let v(p) = 4*p**2 + 3*p - 1. Let t(c) = -2*q(c) + 11*v(c). Give t(-1).
6
Let x = 7 - 4. Let p(w) = w**2 - 4 + 2*w**3 - 4*w**3 + x. What is p(2)?
-13
Let y(b) = 3*b**2 - 4*b - 6. Let x(z) = 3*z**2 - 3*z - 5. Suppose -14*m + 28 = -10*m. Let j(v) = m*x(v) - 6*y(v). What is j(-3)?
19
Let y(z) = 7*z**3 - 12*z**2 - 21*z - 8. Let j(w) = 10*w**3 - 18*w**2 - 31*w - 12. Let c(m) = -5*j(m) + 7*y(m). Determine c(7).
11
Suppose 0 = 5*c + 2*c + 28. Let y(a) = 2*a**3 + a**2 + 5*a - 2. Let l(b) = -b**3 - b**2. Let s(g) = -3*l(g) - y(g). Determine s(c).
-10
Let h(f) = -f**2 + 12*f - 27. Suppose 0 = 94*n - 92*n - 18. Determine h(n).
0
Let f(z) = 3*z**2 - 4*z + 3. Let m(r) = 5*r**2 - 7*r + 4. Let o(k) = -3*f(k) + 2*m(k). Suppose 2*y + 17 = 3*u - 3*y, 0 = 5*u - 5*y - 25. Calculate o(u).
7
Let i = 13 - 8. Let z(f) = -f**2 + 24*f - 130. Let m be z(9). Let j(k) = -m*k + i + 3*k**2 - 4*k - 2*k**2 + 5. Calculate j(7).
-4
Let b(q) = q**3 + 7*q**2 + q + 4. Let k = 20 - 33. Let r(s) = 2*s**3 + 15*s**2 + 2*s + 8. Let o(z) = k*b(z) + 6*r(z). Suppose -d = -0*d. What is o(d)?
-4
Let u(p) be the third derivative of -1/6*p**3 + 0*p + 0 - 8*p**2 - 1/60*p**5 + 0*p**4. Determine u(-2).
-5
Let d(i) = i**3 + 11*i**2 + 9*i - 11. Let m be d(-10). Let g(x) = 44*x**2 - 1. What is g(m)?
43
Let y be (8/(-10))/(2/(-10)). Let i(w) = 2*w. Let v(m) = -5*m + 3. Let q(u) = 1. Let c(a) = 2*q(a) - v(a). Let f(g) = -2*c(g) + 4*i(g). Give f(y).
-6
Let g(n) be the first derivative of 3/2*n**2 + 5*n + 1/6*n**3 + 5. Let l(c) be the first derivative of g(c). What is l(-4)?
-1
Let h be 25 + -7 - (-2)/(-1). Suppose x = 5*x - h. Suppose -x*t = -t - 18. Let p(g) = 2*g + 6. Give p(t).
18
Let p(b) be the first derivative of -3*b**2/2 + 2*b + 71. What is p(2)?
-4
Let k(o) be the first derivative of o**3/3 - o**2/2 - o - 316. Calculate k(-1).
1
Let v(o) = o**2 + 7*o - 2. Let c(p) = -2*p**2 - 8*p + 2. Let q(t) = -2*c(t) - 3*v(t). Give q(5).
2
Let c = 16 - 24. Let q = 5 + c. Let i(k) = 3*k. Let o(h) = -10*h. Let z(x) = -14*i(x) - 4*o(x). Determine z(q).
6
Suppose r - 5 = -4*o, -5*o - 4*r = -0*o - 9. Let f(g) be the first derivative of g - 7/3*g**3 - 1/2*g**2 + 3. Give f(o).
-7
Let d(s) be the second derivative of 0 - 12*s - 3*s**2 + 4/3*s**3 - 1/12*s**4. Let z = 7 - 2. Give d(z).
9
Let r be (-26 + 26)*3/6. Let l(j) = -11*j + 8. Let t(q) = -5*q + 4. Let m(b) = -4*l(b) + 9*t(b). Give m(r).
4
Let v(m) = -3*m - 8. Let k(a) = -7*a + 58. Let d be k(9). Determine v(d).
7
Let t(a) be the second derivative of a**3/2 + 2*a**2 - 5*a - 160. Suppose 3*f + 12 = -f. What is t(f)?
-5
Let o(j) be the second derivative of j**5/30 + j**4/12 + 11*j**3/6 + 12*j. Let q(r) be the second derivative of o(r). Determine q(2).
10
Let m(j) = j**2 - 12*j - 16. Suppose 0 = -2*k - 3*r + 12, -3*k - 2*r + 41 = 2*k. Let w be (-4)/k + 363/27. Give m(w).
-3
Let r be -1*(42/7 + -4 + -1). Let v(b) = -b**2 - b. Let h(f) = 2*f**2 + f. Let x(j) = 5*h(j) + 6*v(j). Calculate x(r).
5
Let t(w) = -w**2 + w + 1. Let y be t(2). Suppose 9*s = 3*s + 6. Let u(o) = -1 - o**2 - o + s. Determine u(y).
0
Suppose 2 = -2*d + 5*j, -2*d - 16 = -d + 5*j. Let z be 2/(-7) - d/21. Let r(f) = 9*f - 10*f + 0*f + z*f**2 - f**2. Calculate r(-4).
-12
Suppose 25 = -4*a + 77. Let x(s) = -12 + s**2 + a + 7 - 11*s. Give x(8).
-16
Let t(h) = -11 - 7 - 7 - h + 25 + 20*h**3 + 2*h**2. Give t(1).
21
Let r(c) be the first derivative of c**3/3 + 5*c**2/2 - 7*c + 620. Calculate r(-5).
-7
Let q(v) = 4*v. Let n(j) = 4*j. Let y(w) = 3*n(w) - 4*q(w). Suppose 14*s + 36 = 2*s. What is y(s)?
12
Suppose -20*r = 189 - 29. Suppose 3*s + 3 = -12. Let i = s - r. Let f(x) = -2*x**2 + 4*x - 3. Give f(i).
-9
Let m(y) = 11*y - 3. Let l = -448 + 450. Give m(l).
19
Let w(q) be the first derivative of -2*q**3/3 - 2*q**2 + 4*q - 266. Calculate w(-4).
-12
Let z(y) = -y**2 - 4*y - 2. Let p be z(-5). Let q be (8/p)/(22/(-77)). Let b = -5 + q. Let s(x) = 6*x**2 - 1. Determine s(b).
5
Let f(z) = 8*z**3 + 11*z**2 + 2*z + 4. Let p(h) = 4*h**3 + 6*h**2 + h + 2. Suppose -44*m + 42*m - 6 = 0. Let o(a) = m*f(a) + 5*p(a). Give o(-2).
20
Let a(y) be the second derivative of -y**5/20 + y**4/3 + 5*y**3/6 + y**2 - 7*y. Let b be a(5). Let t(n) = n + 2. Determine t(b).
4
Let l(x) = -x + 1. Let c = 3 - 1. Let v = 4 + -4. Let u = c - v. Give l(u).
-1
Suppose -140 - 174 = 32*t - 90. Let s(j) = -7*j**2 - 3*j**3 + j + 2*j**3 + 0*j**2 + 3. Calculate s(t).
-4
Let z(a) = 2*a - 10. Let i(g) = -g**3 + 15*g**2 + 2. Let k be i(15). Suppose -3*s - 3*r = -8*r - 31, -18 = -k*s + 2*r. Determine z(s).
4
Let q(m) = m - 9. Let i = -29 + 32. Suppose 2*h + h + 15 = 0, -i*h = -3*j + 30. What is q(j)?
-4
Let a(f) = -f**2 - 6*f + 12. Let g be a(-7). Let o(j) = -j**3 + 4*j**2 + 3*j + 6. Calculate o(g).
-4
Let v(i) = -i**2 + 15*i - 34. Let n be v(11). Let z(p) = -4*p - p**3 + 7*p - 5 + n*p**2 - 11*p + 0*p**2. What is z(9)?
4
Suppose -4*i = 0, 5*x - 58 = -2*i - 13. Let w be x/6*8/6. Let c(z) = 7*z + 3*z - 4 - 4*z**w - z**3 - 15*z. Calculate c(-3).
2
Let p(t) be the first derivative of -2*t**3/3 + 3*t**2 + 71. Determine p(4).
-8
Let f(u) = -u + 9. Let t be ((-8)/(-8) + 4)*2. Give f(t).
-1
Let t(r) = r**3 - 7*r**2 + 10*r - 8. Let b = -458 - -464. Give t(b).
16
Let u(g) = -g + 7. Let i be u(3). Let k be 6/i + 1/2. Let r(m) = 5*m**2 - m**k + 1 + 0 - m**3. What is r(4)?
1
Let k(g) be the first derivative of g**2